ase 15, what is 1338 - 110?
1228
In base 13, what is -14a02 - 3a?
-14a3c
In base 5, what is 3124343 + -10?
3124333
In base 12, what is 6 + -146b20?
-146b16
In base 13, what is -b5c2c + 4?
-b5c28
In base 14, what is 2370 - -b?
237b
In base 11, what is 4 + -45303?
-452aa
In base 3, what is -10001210122121 + 0?
-10001210122121
In base 15, what is 1ce + a0?
27e
In base 6, what is -3023 - -255?
-2324
In base 6, what is 25013 - -210?
25223
In base 4, what is -2321121 + 1002?
-2320113
In base 3, what is 0 + -122201001?
-122201001
In base 4, what is -11031133 + -10?
-11031203
In base 8, what is 343 + -7377?
-7034
In base 15, what is -1 + 4c91e?
4c91d
In base 13, what is -315 + -144?
-459
In base 9, what is 2 + -17138?
-17136
In base 15, what is -371c5 - -4?
-371c1
In base 3, what is -12220 + -211220?
-1001210
In base 2, what is -11000100010010110010 - -101?
-11000100010010101101
In base 2, what is 100100011000 + -100011?
100011110101
In base 5, what is 2014 - -100?
2114
In base 15, what is -1 + -26977?
-26978
In base 3, what is -122200102 + -102201?
-200010010
In base 14, what is 0 + 3b26?
3b26
In base 13, what is 3aa9a3 + 1?
3aa9a4
In base 4, what is -10 - -1112123?
1112113
In base 7, what is 1143 - -15?
1161
In base 7, what is -424161 + 3?
-424155
In base 4, what is -1211 + 30332?
23121
In base 3, what is 100 - -12210000102?
12210000202
In base 7, what is -6103 + -1203?
-10306
In base 7, what is 643 + 24?
1000
In base 8, what is -4 - 63?
-67
In base 7, what is -332 + -1301?
-1633
In base 11, what is 24 - -1686?
16aa
In base 3, what is -2 - -202201012?
202201010
In base 8, what is 2163 - -543?
2726
In base 15, what is 4 - -2e5aa?
2e5ae
In base 10, what is -9 + 11396?
11387
In base 9, what is 1861480 - -2?
1861482
In base 3, what is 2011211202 - 0?
2011211202
In base 4, what is 21210 + 202?
22012
In base 9, what is 0 - -257071?
257071
In base 14, what is -8 - -14d7?
14cd
In base 6, what is -1 + 10030244?
10030243
In base 12, what is 193 - -1b5?
388
In base 16, what is -d8 - -e50?
d78
In base 13, what is -7 - -510c?
5105
In base 8, what is 1070 + -632?
236
In base 5, what is 2303233 - -4?
2303242
In base 15, what is 3 + 4b09b?
4b09e
In base 5, what is -3304211 - -3?
-3304203
In base 7, what is 5405 - -52?
5460
In base 2, what is 1001000110010111011 + -1000?
1001000110010110011
In base 13, what is -3576bb - 2?
-3576c0
In base 2, what is -100101000 + -11?
-100101011
In base 12, what is 2741 + -79?
2684
In base 7, what is 2216 + -1446?
440
In base 12, what is -a7 + -1111?
-11b8
In base 13, what is 3aa + -24c?
15b
In base 2, what is -101000110010001001100 - 1?
-101000110010001001101
In base 8, what is -4561 + 633?
-3726
In base 13, what is -1073 - -82?
-cc1
In base 5, what is -13012112 - -4?
-13012103
In base 9, what is -526 - -43?
-473
In base 16, what is 5b + -161?
-106
In base 13, what is 9 + 378a?
3796
In base 16, what is -20f - -97?
-178
In base 14, what is -6 + 185d?
1857
In base 4, what is -10 + 122201?
122131
In base 16, what is 39 - -dd19?
dd52
In base 16, what is 448 + 11f?
567
In base 12, what is 411598 - 4?
411594
In base 8, what is -501410 - 2?
-501412
In base 15, what is -184 + -4?
-188
In base 5, what is -14430013 + -4?
-14430022
In base 8, what is -1332 - 441?
-1773
In base 9, what is 2734481 - 1?
2734480
In base 9, what is -5 + 383004?
382888
In base 14, what is 467 + 0?
467
In base 9, what is -25 + 8141?
8115
In base 2, what is 100101000 + -1101111110?
-1001010110
In base 8, what is 114 - -6113?
6227
In base 11, what is 6a - 49?
21
In base 4, what is 3131130012 - -3?
3131130021
In base 7, what is -121 + 2421?
2300
In base 6, what is -330315 + 101?
-330214
In base 7, what is -303304 + -1?
-303305
In base 4, what is -1330231 + 1012?
-1323213
In base 14, what is -b - -ba7?
b9a
In base 5, what is -42 + 22011?
21414
In base 5, what is 3 + -432122?
-432114
In base 8, what is -7 + -125065?
-125074
In base 12, what is -5 - 61b9?
-6202
In base 7, what is 543006 - 5?
543001
In base 13, what is -4 - 8001a?
-80021
In base 8, what is 10222255 - 3?
10222252
In base 11, what is 12 + -50172?
-50160
In base 13, what is -219c - -2b?
-2171
In base 4, what is -320132 - 3?
-320201
In base 12, what is -2103 - -20?
-20a3
In base 12, what is 592 + 97?
669
In base 15, what is 7a87 - -18?
7aa0
In base 12, what is 1444a + -3?
14447
In base 11, what is 18286 - 25?
18261
In base 12, what is -14326 - -16?
-14310
In base 11, what is 13a7a + 0?
13a7a
In base 3, what is -120121 - -122?
-112222
In base 9, what is -3 + -52805?
-52808
In base 7, what is 115453 + -5?
115445
In base 15, what is 3 - -5938?
593b
In base 12, what is -13 + -150b?
-1522
In base 5, what is -132 - 2410?
-3042
In base 12, what is -962 + 359?
-605
In base 13, what is -b56c + 4?
-b568
In base 2, what is -101 + -1000010101100000?
-1000010101100101
In base 10, what is 338 - -50?
388
In base 15, what is -48d - 2d?
-4bb
In base 12, what is -39b - 401?
-7a0
In base 15, what is 4e86 + 2?
4e88
In base 15, what is 3121 + 1c?
313d
In base 4, what is 102 + 1302323?
1303031
In base 15, what is 346 - 1c?
329
In base 16, what is 7c5 + -7?
7be
In base 12, what is 4 - -1862?
1866
In base 12, what is 94 - -29?
101
In base 7, what is 562 + -44?
515
In base 14, what is -82 - -1d4?
152
In base 2, what is 11000010011101010 - -1010?
11000010011110100
In base 7, what is 2656 + 32?
3021
In base 3, what is -1021220101 - 10?
-1021220111
In base 2, what is 1 + 1111010101?
1111010110
In base 8, what is -21361 - -27?
-21332
In base 15, what is 3 - 55e5?
-55e2
In base 14, what is b + -5dc?
-5d1
In base 5, what is 304200 - 1?
304144
In base 16, what is 1bcc + 1?
1bcd
In base 15, what is 11e4 - 99?
114a
In base 5, what is 23131 - -2032?
30213
In base 10, what is 11062 - -4?
11066
In base 9, what is -1625 - -320?
-1305
In base 11, what is -3 + 1a261?
1a259
In base 14, what is 4 + b5c1?
b5c5
In base 15, what is -2e5 + 47?
-29d
In base 14, what is b412 - 4?
b40c
In base 13, what is 26 - 4c7a?
-4c54
In base 7, what is -1 - 26516?
-26520
In base 14, what is -4 + 56d2?
56cc
In base 12, what is -1028 + 11?
-1017
In base 9, what is 14148 + 1?
14150
In base 13, what is -10197c + -5?
-101984
In base 5, what is -21020 - 121?
-21141
In base 7, what is 4 - 62201?
-62164
In base 10, what is 2 - 1328969?
-1328967
In base 10, what is 96 - 17307?
-17211
In base 5, what is 1004332041 + -2?
1004332034
In base 14, what is 16 + 46c?
484
In base 10, what is -14 - -85590?
85576
In base 15, what is -2 - 4c6?
-4c8
In base 16, what is 3768 - 2?
3766
In base 7, what is 22 + 5243?
5265
In base 13, what is -1 + -2079?
-207a
In base 5, what is -114011 - -11001?
-103010
In base 5, what is 10043 - 1442?
3101
In base 13, what is 27b0a + -2?
27b08
In base 10, what is -57920 - 3?
-57923
In base 8, what is -1 + -4715?
-4716
In base 5, what is -2442 - 4122?
-12114
In base 13, what is -3 + 796b1?
796ab
In base 12, what is -1a6659 - 0?
-1a6659
In base 12, what is -270 - 2b?
-29b
In base 6, what is 5 + 15531?
15540
In base 10, what is 1087 + -75?
1012
In base 6, what is -41131 + -321?
-41452
In base 12, what is 1 + -2656?
-2655
In base 3, what is -11121 + -222?
-12120
In base 6, what is 135104 + 1?
135105
In base 11, what is -17322 - -15?
-17308
In base 3, what is -1120201010 - 0?
-1120201010
In base 16, what is -7947b + -1?
-7947c
In base 7, what is 16 - -1224?
1243
In base 12, what is -470 + 4839?
4389
In base 13, what is -3675 - 22?
-3697
In base 4, what is -22 - 220301?
-220323
In base 15, what is 120a7 + -2?
120a5
In base 2, what is 10000010001111 - -100?
10000010010011
In base 6, what is 1034440004 - 4?
1034440000
In base 16, what is -a + de?
d4
In base 9, what is -23567 + 4?
-23563
In base 11, what is -25898 - 5?
-258a2
In base 3, what is 21210102 - 10102?
21200000
In base 13, what is 52 + -a67?
-a15
In base 7, what is 634 + -42?
562
In base 3, what is 21211020 + 20100?
22001120
In base 6, what is -1 + 1025353?
1025352
In base 3, what is 201 + 10020212?
10021120
In base 12, what is 4 - 27a409?
-27a405
In base 8, what is -4 + 702072?
702066
In base 2, what is -100010011001100011000001 - -100?
-100010011001100010111101
In base 4, what is 12213212 + 20?
12213232
In base 12, what is -3047 + -26?
-3071
In base 12, what is -211bb - 3?
-21202
In base 11, what is a - 